) be the first derivative of r**5/60 + r**4/12 + r**3/3 - r**2 - 41. Let a(o) be the third derivative of f(o). Give a(-4).
-6
Let n(q) = q**3 - 6*q**2 - 9*q + 56. Let m be n(6). Let i(r) = 3*r**m - 2*r - 85 + 83 + 5*r**2. What is i(-1)?
8
Let n(b) be the third derivative of b**5/60 + 7*b**4/24 + 13*b**3/6 + 20*b**2. Let f = 2426 - 2432. Determine n(f).
7
Suppose 12 = 18*r - 30*r + 15*r. Let o(x) = 7*x - 29. Determine o(r).
-1
Let k(g) = -5*g**2 + 6*g - 13. Let p(a) = -4*a**2 + 5*a - 12. Let y(o) = -3*k(o) + 4*p(o). Calculate y(6).
-33
Let i be 2790/165 - 20 - 60/(-55). Let x(m) be the first derivative of 2*m**2 + 3*m + 1. Determine x(i).
-5
Let f(r) be the first derivative of r**4/4 + 5*r**3/3 + 2*r**2 + 6*r + 3. Let n(s) = 31*s - 531*s**2 - 3 + 534*s**2 + 8. Let g be n(-10). Calculate f(g).
-14
Let r(p) be the third derivative of p**6/120 - 13*p**5/30 + 16*p**3/3 + p**2 + p + 9. Calculate r(26).
32
Let q(o) = o + 1. Let c(w) = -2*w - 25. Let m(h) = c(h) + 5*q(h). Let u(t) = -16*t + 100. Let z(g) = -11*m(g) - 2*u(g). Determine z(13).
7
Let d(g) be the first derivative of 4*g**3/3 - 3*g**2 + 31*g - 2464. Determine d(6).
139
Let k(a) = 35916*a**3 + 3 - 35907*a**3 - 4. Let r(x) = x. Let t be r(0). Suppose -2*h - h + 3 = t. Give k(h).
8
Let n(l) = l. Suppose -8*b = -9*b + 4. Suppose -v = v + b*c + 10, v - 2*c = 3. What is n(v)?
-1
Let l(j) = -j**2 + 16*j. Let y(i) = -43*i - 6. Let n(d) = -3*l(d) - y(d). What is n(3)?
18
Let p(w) = -13 + 21 - 2*w + w. Let g = 939 - 929. Give p(g).
-2
Suppose -149*m = -151*m + 4. Let z be 30/12 - 1/m. Let y(d) = 2*d**2 - 1 - 3 + 0 + 7 - 2*d. Calculate y(z).
7
Let m(x) = x - 20. Let l(k) = k**2 + 6*k - 2. Let a be l(3). Let d be (29 - a) + -1*4. What is m(d)?
-20
Let i(r) = -23*r - 9. Let y(o) = 17*o + 6. Let p(x) = 2*i(x) + 3*y(x). Give p(-5).
-25
Let v(o) = -11*o - 61. Suppose -493*y + 3664 = -35*y. Calculate v(y).
-149
Let j = 0 + 6. Let z(l) be the first derivative of l**4/24 - 5*l**3/3 - 55*l**2/2 - 2*l + 7. Let r(q) be the second derivative of z(q). Determine r(j).
-4
Let f = 142 - 125. Suppose 3*v - f = -2*j, -j + 4*v + 8 = 27. Let c(w) = -11*w - 2*w**3 - 2*w**2 + 1 + 11*w. Calculate c(j).
-3
Let y(k) = -k. Let q(f) = 15*f**2 + 18*f - 7. Let v(g) = -7*g**2 - 10*g + 4. Let o(d) = -3*q(d) - 5*v(d). Let r(z) = -o(z) + 4*y(z). Determine r(-1).
9
Let k(u) = u**2 - 6*u - 6. Let w be k(6). Let s(d) be the third derivative of 1/24*d**4 + d**3 + 0*d + 0 - d**2. Calculate s(w).
0
Let c(v) = -8 + 4*v**3 - v**3 - 2*v + 3*v + 7. Let x be c(1). Let q(h) = -3*h**x + 3 - 3 - 6*h**2 + 4*h**3 - 5. Determine q(6).
-5
Let i(b) = -2*b**2 - 5*b + 2. Suppose 4*z + 2*t + 4 + 0 = 0, -2*z - 4*t = -16. Determine i(z).
-10
Suppose -3*y + 2*r - 10 = -22, -4*r + 20 = 5*y. Let o(h) = h**2 - h - 5. Determine o(y).
7
Let o be 1/(-1 - -2) - -12. Suppose 0 = v + o*v - 56. Suppose -v*q + 0 + 32 = 0. Let s(p) = p - 7. Determine s(q).
1
Let l(w) be the second derivative of w**3 - w**2 + 2*w. Let t(d) = 511 - 251 - 247 - 3*d. Let h be t(5). Calculate l(h).
-14
Let d(w) = w**3 + 22527*w + 22533*w - 10 - 67577*w + 22526*w - 8*w**2. Let t be 2/7 - 165/(-35). Suppose t*c + 9 = 44. What is d(c)?
4
Let o(l) be the second derivative of 0 - l**2 - 5/6*l**3 - 88*l. What is o(-8)?
38
Let k(z) be the second derivative of z - 5/6*z**3 + 42 - 4*z**2. Give k(-4).
12
Let f(l) = -4*l + 0*l + 3*l. Let g(k) = 7*k + 11. Let j be g(7). Let t be (-6)/(-45) - 2*(-86)/j. Determine f(t).
-3
Let j(s) = 10*s + 18. Let y be -2*(19 - 10 - 8 - 0). Give j(y).
-2
Let t(i) = -i**3 + 20*i**2 - 100*i + 63. Let o be t(7). Let s(f) = f**2 + 14*f - 8. Give s(o).
-8
Let g = 164 + -153. Let k(f) be the third derivative of f**5/60 - f**4/2 - 2*f**2. Calculate k(g).
-11
Let z(v) = v**2 - 5*v + 4. Suppose -12*u + 16*u = 3*s + 19, -u - 47 = 5*s. Let r be s/(27/(-12)) + 1. Give z(r).
4
Let t = 367855/84 - 30654/7. Let m(g) be the second derivative of 7/20*g**5 + 0 + 17*g - t*g**4 + 1/3*g**3 - 1/2*g**2. Determine m(1).
7
Let c(y) = y - 27. Let p(k) = -3*k + 134. Let g(j) = 5*c(j) + p(j). Suppose 6*w = 2*w - 16. Give g(w).
-9
Let z(f) = -13*f**2 + 6*f - 20. Let t(s) = -35*s**2 + 18*s - 58. Let d(m) = -3*t(m) + 8*z(m). Calculate d(2).
6
Let a(q) = 4*q - 155. Let b be a(41). Suppose -13*w = -b*w + 12. Let m(c) = -c**3 - c**2 + 2*c - 3. Calculate m(w).
9
Suppose 3*s + 20 = g, 4*s + s + 32 = 3*g. Let j(f) = -6*f**2 - 42*f + 1. Give j(s).
1
Let n(a) be the third derivative of -a**6/120 + 3*a**5/20 - 7*a**4/24 + a**3/6 + 80*a**2 + 8. Determine n(3).
34
Let b = 78 + -126. Let z = b - -84. Let u(r) = -r - 86 + 44 + z. Calculate u(-5).
-1
Let d(f) = -6*f**2 - 5*f - 12. Let g(n) be the first derivative of -5*n**3/3 - 3*n**2 - 11*n + 123. Let j(p) = -4*d(p) + 5*g(p). Determine j(-10).
-7
Let a(u) = -2*u**2 + 5*u - 52. Let h(v) = -v**2 + 1. Let n(w) = -a(w) + 3*h(w). Let g(m) be the first derivative of n(m). Give g(7).
-19
Let d be 1 - 124/16 - (-2)/(-8). Let y = -7 - d. Suppose y = 5*r - 2*z + 24, -3*r + 3*z + z - 6 = 0. Let a(t) = t**3 + 6*t**2 + t + 3. Determine a(r).
-3
Suppose -14*p = -11*p - 18. Let c be (-8)/6*27/p. Let x(r) = 7*r**2 + 22*r + 5. Let a(m) = -5*m**2 - 17*m - 4. Let l(o) = -3*a(o) - 2*x(o). Determine l(c).
-4
Let x(j) = -11*j - 189. Let h be x(-23). Let o = -68 + h. Let m(f) = 2*f + 3. What is m(o)?
-5
Suppose -83 = -30*o - 318 - 65. Let w(k) be the third derivative of -k**5/60 - 3*k**4/8 + 11*k**3/6 + 3*k**2. Determine w(o).
1
Let c = 170 - 137. Let a(u) = 46*u**3 - 80*u**3 - 7*u**2 - 6*u - 3 + c*u**3. What is a(-6)?
-3
Let x(s) = -s**2 + 5*s - 2. Let f(n) = 7*n**2 - 27*n + 8. Let v(z) = -f(z) - 6*x(z). Suppose 2*j + 52 = 20. Let t = -20 - j. Calculate v(t).
0
Let k(b) be the second derivative of 5/2*b**2 - 5/6*b**3 - 5 - 9*b. What is k(7)?
-30
Let h(a) = 43*a**3 - 2*a**2 + 37*a + 16. Let y(r) = -20*r**3 + r**2 - 17*r - 7. Let n(i) = -6*h(i) - 13*y(i). Determine n(2).
5
Let l(k) = 4*k**2 - 2. Let g(f) = -5*f - 25. Let m be g(-9). Suppose -20*y = -15*y + m. Let s be (-1)/((-18)/y) + (-300)/(-135). Determine l(s).
14
Suppose -1340*n = -1223*n - 936. Let m(k) = 4*k - 3*k + k - 11. What is m(n)?
5
Let s(z) = 2*z**3 - 2*z**2 + 1. Let p(o) = -o**2 - 2*o + 36. Let k be p(5). Determine s(k).
1
Let w(o) = -54*o**3 + 3*o - 5. Let l(n) = 27*n**3 - 2*n + 3. Let m(b) = -5*l(b) - 3*w(b). Suppose -3*t + 5*c = 13, 2*t = 65*c - 66*c. What is m(t)?
-28
Suppose 0 = -z + 8*z - 63. Suppose -j - z*j = 0. Suppose -4*p + 5*d - d + 16 = j, 4*d + 16 = 3*p. Let s(f) = -f**2 + 10. Determine s(p).
10
Let g = -302 - -302. Let w(j) = -38498 + 0*j + 38494 + g*j + j**2. Calculate w(-4).
12
Let f(z) = 5*z + 35. Let c(v) = -v - 17. Let p(b) = -10*c(b) - 4*f(b). Give p(5).
-20
Suppose 3*k + 5*z = -30, 4*k - 91 = 4*z - 99. Let o(m) = 4*m - 6. Determine o(k).
-26
Let l(a) = -5*a**2 + 5*a - 3. Let m(o) = 7*o**2 - 5*o + 4. Let t(c) = -4*l(c) - 3*m(c). Let k = -1583 + 1579. Give t(k).
4
Let a(b) = b**2 - 46*b - 260. Suppose 13*t + 29 + 36 = 0. Let o be a(t). Let v(d) = 2*d + 16. Give v(o).
6
Suppose 4*h - l + 11 = 35, l = -4. Suppose 2*p - 8 = -4*x + 5*p, x - 2 = 3*p. Let a(r) = -5 - 2 + x + 2 - r**2 + 6*r. Calculate a(h).
2
Let z(r) = r**3 - 5*r**2 - 8*r + 7. Let u(a) = -a**3 + 14*a**2 + 8*a - 31. Let q be u(14). Let t = -70 + q. Let s = 17 - t. Determine z(s).
-5
Let t be (-2 - 0)*3*(-3)/9. Let y(f) = 3*f**3 + 5*f**2 + 0 - 2 - t*f**3 + 10*f - 18*f. Determine y(-6).
10
Let p(d) = -2*d - 4. Suppose -180 = 14*z - 24*z. Suppose -3*n - z = -18. Determine p(n).
-4
Let i(k) = -k**3 - 40*k**2 - 74*k + 68. Let u be i(-38). Let r be ((-4)/24)/(u/144). Let n(a) = -3*a**2 + 2*a + 1. Give n(r).
-20
Let n(b) = -4*b**2 - 10*b + 1. Suppose 53*r - 200 = 103*r. Determine n(r).
-23
Let n(f) = 26*f + 165. Let p(o) = o**3 + 35*o**2 + 154*o + 14. Let b be p(-5). Give n(b).
9
Let d(p) = 2*p - 2. Let w(q) be the first derivative of 16 + 11/2*q**2 - 26*q - 1/3*q**3. Let n be w(6). What is d(n)?
6
Let j(k) = -k - 29. Suppose 42*l - 1836 = -3096. Give j(l).
1
Let c = -12 + 14. Suppose 6*j - 8 - 10 = 0. Let h(l) = -1 + 0 + j - 3*l - 3. Determine h(c).
-7
Let s be ((-8)/24)/((-2)/6). Let p(k) = -s + 2*k - k - 2*k - k. Suppose 0*b = -2*l + b - 4, -3*l + 3*b = 3. Give p(l).
5
Let f(x) = 4*x - 7 + 0*x + 17. Let u(m) = m**3 - 94*m**2 + 109*m + 6892.